lculate the remainder when 44 is divided by k(7).
14
Let j(w) = 2*w**2 + 5*w + 13. What is the remainder when j(-6) is divided by 29?
26
Suppose -7*a + 96 = -a. What is the remainder when 63 is divided by a?
15
Calculate the remainder when 167 is divided by (-4 - -1)/((-3)/34).
31
Suppose 11*f - 10 = 243. What is the remainder when 64 is divided by f?
18
Suppose -x = -6*x + 1350. Suppose 0 = 2*j - 5*m - 94, m + x = 5*j + 6*m. Let n(t) = t**3 - 9*t**2 + 9*t + 10. Calculate the remainder when j is divided by n(8).
16
What is the remainder when 101 is divided by (5/2 - 3)*(-68)/1?
33
Let s(z) = z**3 + 4 - 2*z**3 + 0*z**3 - 6*z**2. Let v be s(-6). Let a = -1 + v. What is the remainder when 8 is divided by a?
2
Let c = -9 + 9. Let m = 12 + c. What is the remainder when 45 is divided by m?
9
Let w(a) = -a - 4. Let o be w(-5). Suppose h + 4*n - 28 = -3*h, -h - o = 5*n. Suppose u = -4 + h. Calculate the remainder when u is divided by 2.
1
Let l(c) = c**2 - 5*c + 2. Let w = 33 + -11. Calculate the remainder when w is divided by l(6).
6
Let m = 22 - 16. What is the remainder when m is divided by 2?
0
Let a = 24 + -19. Calculate the remainder when 16 is divided by a.
1
Suppose 2*d + 43 = 7*d - 4*h, -h = d - 5. Let k be 4/12*(56 - -1). Suppose -o = 6 - k. What is the remainder when o is divided by d?
6
Let z = 14 - 9. Let h(o) = -o**3 - 2*o**2 - o + 17. What is the remainder when h(0) is divided by z?
2
Let k = -16 - -27. Let a(j) = -10*j + 5. Let p(v) = -9*v + 4. Let s(n) = -4*a(n) + 6*p(n). What is the remainder when s(-2) is divided by k?
10
Suppose 0 = -2*m + 4, -b + 5*m + 32 = -0*m. Let y = -30 + b. Calculate the remainder when 33 is divided by y.
9
Let v = -14 - -26. Suppose 3*r + v = 33. What is the remainder when 25 is divided by r?
4
Let v = 136 + 233. Suppose 2*k - 2*j - 144 = -0*k, 5*k - 2*j - v = 0. What is the remainder when k is divided by 19?
18
Suppose 3*n = 5*v - 3*v - 29, 5*v = 2*n + 100. Calculate the remainder when 85 is divided by v.
19
Let j = 115 + -45. What is the remainder when 2*(j/4 + -2) is divided by 8?
7
Let u(b) = 2*b**2 + b**3 + b + 2*b**2 - 3 + 6 + 2*b**2. Let k be u(-5). Suppose 5*o + 40 = 5*i, o + k = i + 3*o. What is the remainder when 24 is divided by i?
11
Let a(g) = -15*g + 1. Let n(r) = r**3 - 9*r**2 + 8*r + 6. Let p be n(8). Suppose -48 = p*b - 9*b. Calculate the remainder when a(-2) is divided by b.
15
Let s be 0*(-1 - (-4)/3). Suppose 4 = -4*o - s. Let t = o + 3. Calculate the remainder when 3 is divided by t.
1
Let w(s) = s. Suppose 0 = 3*u - 6 - 15. Let t = -23 + 35. What is the remainder when t is divided by w(u)?
5
Let p(l) = -l**3 - 6*l**2 + 6*l - 2. Calculate the remainder when p(-7) is divided by 3.
2
Suppose 2*k - 54 = 46. Calculate the remainder when k is divided by 26.
24
Let q be -8*(-1 + 3/2). What is the remainder when 2/(-8) + (-281)/q is divided by 24?
22
What is the remainder when ((-1)/1 - 56)*(0 + -1) is divided by 20?
17
Suppose -g = -5*z + 32, -4*z + 13 = -6*g + g. Suppose z = v - 2*x + 2, v + 2*x = 21. Calculate the remainder when v is divided by 7.
6
Let l(p) = 5*p - 1. Let m be l(8). Suppose 5*y - 6*y = -m. Calculate the remainder when y is divided by 20.
19
Let h(x) = 13*x. Let f be (1 - 18/(-3)) + 2. Suppose 0 = 3*i - 2*i - f. Calculate the remainder when h(2) is divided by i.
8
Let p be -21*(-3)/(1*-3). Let a = -6 - p. What is the remainder when a is divided by 8?
7
Suppose 0 = 3*m - 2*i - 365, -m - m - 4*i + 222 = 0. Calculate the remainder when m is divided by 30.
29
Let h = -4 + -3. Let q = 13 + h. Calculate the remainder when 16 is divided by q.
4
Let g(i) = 2*i**2 - 13*i + 5. Let l(t) = -t + 3. What is the remainder when g(7) is divided by l(-4)?
5
Let h(k) be the first derivative of -6*k**2 - 3*k - 3. Let m be h(-2). Suppose -m = -2*x + 7. What is the remainder when 41 is divided by x?
13
Let p(w) = -5*w + 99. Calculate the remainder when 33 is divided by p(19).
1
Let v(s) = -3*s + 1. Let i be (-69)/4 - (-2)/8. Let q = i - -10. Calculate the remainder when 43 is divided by v(q).
21
Suppose -3*y = -y. Suppose -4*o - h + y*h = -16, -4*h + 4 = -4*o. Suppose 99 = -0*u + o*u. Calculate the remainder when u is divided by 12.
9
Suppose v + 99 = 4*v. What is the remainder when (v/2)/((-2)/(-4)) is divided by 17?
16
Suppose -41 = -h - 3. What is the remainder when h is divided by 8?
6
Let j(t) = 0 - 1 + 10*t**2 - 3*t**2 - t**3. Calculate the remainder when j(6) is divided by 19.
16
Suppose 8*d - 2*d - 360 = 0. Calculate the remainder when d is divided by 32.
28
Let c be (-3)/1 - (-2 - 4). Suppose 4*z = t - 0*z - 17, c*z = t - 19. What is the remainder when t is divided by 9?
7
Let r(q) be the second derivative of q**4/12 + 7*q**3/6 + 5*q**2/2 - 5*q. What is the remainder when 7 is divided by r(-7)?
2
Let y be (-3)/(-15) + (-33)/15. Calculate the remainder when 10 - 1 - (0 + y) is divided by 4.
3
Let b(i) = -i - 3. Calculate the remainder when 8 is divided by b(-8).
3
Let t be 34/(-2 - (-4 + 1)). Suppose -3*d + k + 17 = -5, -5*d - k + t = 0. What is the remainder when 12 is divided by d?
5
Let g(o) = -4*o + 9. What is the remainder when g(-5) is divided by 11?
7
Let p(h) = h**2 - 2*h - 1. Calculate the remainder when (6/(-4))/(4/(-72)) is divided by p(5).
13
Let g be ((-22)/(-3))/((-1)/(-6)). Suppose 0 = -3*b + 2*l - 4*l + g, 4*b = l + 44. What is the remainder when b is divided by 7?
5
Let p(g) = -11*g - 7. Let a(m) = -m - 1. Let o(f) = -6*a(f) + p(f). Calculate the remainder when o(-2) is divided by 4.
1
Suppose 1 = 2*w - 3. Calculate the remainder when (2/4)/((-1)/(-6)) is divided by w.
1
Let g be 15/4 + 11/44. Let x(d) = -d**3 + 8*d**2 - 3*d - 6. Let y be x(5). Suppose 0 = g*v - y - 202. What is the remainder when v is divided by 22?
20
Suppose -3*p = 9, -3*y + 0*y - 4*p - 15 = 0. What is the remainder when (28/70)/((-2)/(-70)) is divided by y - -9*(0 - -1)?
6
Calculate the remainder when 94 is divided by 17 + (30/(-9) - 2/(-6)).
10
Suppose -11 = 3*o - 62. What is the remainder when 49 is divided by o?
15
Suppose 31 = 4*r - 121. What is the remainder when r is divided by -27*(-4)/11 - 2/(-11)?
8
Let p(b) = 6*b**3 + 5*b**2 - 5*b + 6. Let o(y) = -y**3 - 1. Let t(f) = -5*o(f) - p(f). What is the remainder when 9 is divided by t(-6)?
4
Let b(v) = -v + 7. Let r be b(5). Suppose -8 = -r*k + 2. Suppose -38 = -2*h + 3*n, -h + 2 - 1 = 3*n. Calculate the remainder when h is divided by k.
3
Let r be 1 + (1 - 16) - -1. Let o = -9 - r. Calculate the remainder when 5 is divided by o.
1
Suppose -5*d + 3*d = -406. Let c = d + -145. What is the remainder when c is divided by 15?
13
Let m(c) = c + 9. Let u be m(-4). Suppose x - 2 = u. What is the remainder when 25 is divided by x?
4
Let u = -4 + 7. Suppose 2*f - x = 105, u*f - x + 0*x - 158 = 0. What is the remainder when f is divided by 14?
11
Suppose -43 + 143 = 4*z. Suppose 0 = -0*w + 3*w - 216. Calculate the remainder when w is divided by z.
22
Let j(x) = x**2 - 6*x - 15. Calculate the remainder when 71 is divided by j(9).
11
What is the remainder when (-5)/(-15)*(-4)/(-6)*36 is divided by 2?
0
Let i = -1 + 5. Let q(p) = -p. Let u be q(-6). Let x(o) = -o**3 + 7*o**2 - 5*o + 5. Calculate the remainder when x(u) is divided by i.
3
Suppose -20 = -11*b + 6*b. Calculate the remainder when (-2)/((-2)/7)*3 is divided by 57/5 - b/10.
10
Let q = 24 + -22. Calculate the remainder when 1 is divided by q/(-6)*(-9)/3.
0
Let z(h) = -h + 6. Let a = 22 + -16. Let s be z(a). Let w(f) = f**2 + 12. What is the remainder when 45 is divided by w(s)?
9
Let y = -22 + 85. What is the remainder when y is divided by 13?
11
Let a = 1 - -15. Let q(t) = -13*t + 3. Let c be q(5). Let g = c - -92. What is the remainder when g is divided by a?
14
Let x(u) = 19*u**2 - 3*u - 3. What is the remainder when x(-2) is divided by 20?
19
Let p(l) = 2*l + 4. Let z(w) = 3*w + 4. Let i(g) = -4*p(g) + 3*z(g). What is the remainder when 7 is divided by i(8)?
3
Let j = -149 + 179. Calculate the remainder when 147 is divided by j.
27
Suppose -2*n + 6*n - u - 96 = 0, -n = 5*u - 3. Calculate the remainder when 89 is divided by n.
20
Let f(p) = 1 + 0 + 2*p - p - 9*p**3. Let t be f(-1). Suppose -t - 5 = -2*c. What is the remainder when 12 is divided by c?
5
Let i(n) = 6*n**2 - 1. Let b be i(1). Su